{"id":4072,"date":"2019-10-17T12:37:19","date_gmt":"2019-10-17T10:37:19","guid":{"rendered":"https:\/\/panat-laptool.de\/staging\/?post_type=product&#038;p=4072"},"modified":"2025-08-18T13:29:49","modified_gmt":"2025-08-18T11:29:49","slug":"faustschlussrolle-fsr1","status":"publish","type":"product","link":"https:\/\/panat-laptool.de\/staging\/shop\/faustschlussrolle-fsr1\/","title":{"rendered":"Faustschlussrolle"},"content":{"rendered":"<p><span style=\"color: #d20a11;\">Leichte Bewegung ohne Widerstand<\/span><br \/>\nPasst \u00fcber die Verl\u00e4ngerungsst\u00e4be, erm\u00f6glicht Bewegungen ohne Reibungswiderstand<\/p>\n<p><span style=\"color: #d20a11;\">dazu passt:<\/span><br \/>\nGrundplatte, Verl\u00e4ngerungsst\u00e4be, Gelenk 1, Gelenk 2, T-Stab, Einhandfaustschlussstab<\/p>\n","protected":false},"excerpt":{"rendered":"<p>Leichte Bewegung ohne Widerstand Passt \u00fcber die Verl\u00e4ngerungsst\u00e4be, erm\u00f6glicht Bewegungen ohne Reibungswiderstand dazu passt: Grundplatte, Verl\u00e4ngerungsst\u00e4be, Gelenk 1, Gelenk 2, T-Stab, Einhandfaustschlussstab<\/p>\n","protected":false},"featured_media":5116,"template":"","meta":{"_acf_changed":false},"product_brand":[],"product_cat":[78],"product_tag":[],"class_list":{"0":"post-4072","1":"product","2":"type-product","3":"status-publish","4":"has-post-thumbnail","6":"product_cat-alle-tools","7":"product_shipping_class-versandklasse-1","9":"first","10":"instock","11":"taxable","12":"shipping-taxable","13":"purchasable","14":"product-type-simple"},"acf":[],"_links":{"self":[{"href":"https:\/\/panat-laptool.de\/staging\/wp-json\/wp\/v2\/product\/4072","targetHints":{"allow":["GET"]}}],"collection":[{"href":"https:\/\/panat-laptool.de\/staging\/wp-json\/wp\/v2\/product"}],"about":[{"href":"https:\/\/panat-laptool.de\/staging\/wp-json\/wp\/v2\/types\/product"}],"version-history":[{"count":0,"href":"https:\/\/panat-laptool.de\/staging\/wp-json\/wp\/v2\/product\/4072\/revisions"}],"wp:featuredmedia":[{"embeddable":true,"href":"https:\/\/panat-laptool.de\/staging\/wp-json\/wp\/v2\/media\/5116"}],"wp:attachment":[{"href":"https:\/\/panat-laptool.de\/staging\/wp-json\/wp\/v2\/media?parent=4072"}],"wp:term":[{"taxonomy":"product_brand","embeddable":true,"href":"https:\/\/panat-laptool.de\/staging\/wp-json\/wp\/v2\/product_brand?post=4072"},{"taxonomy":"product_cat","embeddable":true,"href":"https:\/\/panat-laptool.de\/staging\/wp-json\/wp\/v2\/product_cat?post=4072"},{"taxonomy":"product_tag","embeddable":true,"href":"https:\/\/panat-laptool.de\/staging\/wp-json\/wp\/v2\/product_tag?post=4072"}],"curies":[{"name":"wp","href":"https:\/\/api.w.org\/{rel}","templated":true}]}}